d 490250?
53
What is the greatest common divisor of 525787 and 3?
1
Calculate the highest common divisor of 2662 and 1281962.
22
Calculate the greatest common divisor of 52002 and 329508.
486
What is the highest common divisor of 94141 and 611?
47
What is the highest common factor of 82697384 and 187?
187
Calculate the highest common factor of 523 and 388004809.
523
Calculate the greatest common factor of 5620 and 240536.
1124
What is the highest common divisor of 42020886 and 55158?
1902
What is the greatest common factor of 1097272728 and 144?
72
Calculate the highest common factor of 1428 and 4243932.
84
What is the highest common factor of 33 and 2645133?
3
What is the greatest common factor of 1226961 and 92453?
1567
What is the greatest common factor of 49067 and 8352093?
139
Calculate the highest common divisor of 70166495 and 140.
35
What is the highest common factor of 7568 and 19312?
16
What is the greatest common divisor of 26829247 and 6018?
1003
Calculate the greatest common divisor of 1244495 and 9065.
1295
Calculate the highest common factor of 237340497 and 4245.
849
Calculate the greatest common factor of 433765999 and 317.
317
What is the highest common factor of 23902 and 3640430?
74
What is the highest common divisor of 953867 and 15704?
151
Calculate the highest common divisor of 1995 and 93167697.
399
What is the greatest common factor of 189 and 43474347?
189
What is the greatest common factor of 1 and 2357740?
1
Calculate the highest common divisor of 981389 and 21249.
787
Calculate the greatest common divisor of 3211 and 1170676013.
3211
Calculate the highest common factor of 12883232 and 320.
32
Calculate the greatest common divisor of 496 and 153930128.
496
What is the highest common divisor of 4300 and 5919380?
860
What is the highest common divisor of 17989048 and 1276?
1276
Calculate the highest common factor of 8274875 and 3500.
875
What is the greatest common divisor of 75 and 867795?
15
Calculate the highest common factor of 9010485 and 743380.
5995
Calculate the highest common divisor of 2327370 and 1150.
230
What is the greatest common divisor of 17599587 and 341097?
5091
What is the greatest common factor of 1040 and 25666498?
26
What is the highest common divisor of 64739066 and 138?
46
Calculate the highest common divisor of 2035874 and 588230.
1994
What is the greatest common divisor of 4981073 and 538?
269
What is the greatest common divisor of 4446165916 and 167?
167
What is the highest common divisor of 5270 and 2909097970?
5270
What is the greatest common divisor of 617863 and 74?
37
Calculate the highest common divisor of 84246 and 3291506.
1478
What is the highest common factor of 168 and 126621?
3
What is the highest common factor of 2785536 and 60216?
312
What is the greatest common factor of 1090229 and 2849?
7
What is the greatest common divisor of 51139 and 4411?
11
Calculate the highest common factor of 305460 and 50340.
60
Calculate the greatest common divisor of 11377174 and 206.
206
Calculate the highest common divisor of 66 and 5357778.
6
Calculate the greatest common divisor of 53443371 and 423.
141
Calculate the greatest common divisor of 359559 and 27876.
69
Calculate the greatest common factor of 476739 and 189.
27
Calculate the greatest common factor of 2793 and 8715630.
147
What is the highest common divisor of 7200 and 14706720?
1440
What is the greatest common divisor of 48378 and 66?
66
What is the greatest common factor of 1326056 and 248?
248
What is the highest common factor of 3477 and 7457006?
1159
What is the greatest common divisor of 3544155 and 20419?
2917
Calculate the highest common divisor of 990 and 1467948240.
990
Calculate the highest common divisor of 3172 and 216186074.
1586
Calculate the highest common factor of 455730 and 204930.
330
What is the highest common factor of 55 and 109138205?
55
What is the greatest common divisor of 139119 and 26307?
237
What is the highest common factor of 75 and 1127109?
3
What is the greatest common factor of 64 and 11843296?
32
Calculate the greatest common divisor of 10157848 and 72.
8
Calculate the greatest common divisor of 1918511833 and 133.
133
What is the highest common factor of 12116 and 3721588?
52
Calculate the highest common divisor of 3535520 and 570.
190
What is the greatest common divisor of 88 and 86961545?
11
What is the greatest common divisor of 42 and 5750521?
7
Calculate the greatest common factor of 44800 and 16756720.
80
What is the highest common factor of 6 and 816747?
3
What is the greatest common divisor of 217 and 128450081?
31
Calculate the greatest common factor of 2950 and 16210.
10
Calculate the highest common divisor of 308813349 and 39.
39
What is the greatest common divisor of 1836 and 428004?
108
What is the highest common factor of 27914 and 20040610?
1642
Calculate the highest common divisor of 7392 and 7472736.
96
What is the highest common divisor of 54056 and 22601?
233
Calculate the highest common factor of 18629820 and 16490.
970
Calculate the highest common factor of 502127682 and 84.
42
Calculate the highest common factor of 12 and 3201153.
3
Calculate the greatest common divisor of 27638256 and 216.
24
Calculate the highest common divisor of 82 and 474262.
2
Calculate the greatest common divisor of 16 and 42439952.
16
What is the greatest common divisor of 2405 and 28550125?
185
What is the highest common factor of 1104390 and 7119?
63
What is the greatest common divisor of 101307622 and 26?
26
Calculate the highest common divisor of 22571500 and 28.
28
Calculate the greatest common factor of 122213 and 38948343.
9401
Calculate the greatest common factor of 12436215 and 319.
319
What is the greatest common factor of 20175400 and 30?
10
What is the highest common divisor of 84361696 and 232?
232
Calculate the greatest common factor of 874038 and 912.
114
What is the greatest common factor of 4887666 and 41706?
126
What is the greatest common factor of 17 and 494202359?
17
What is the greatest common divisor of 187357034 and 3128?
782
What is the highest common factor of 427668720 and 11856?
912
What is the highest common divisor of 3918360 and 296?
8
Calculate the highest common divisor of 87020361 and 7587.
2529
What is the greatest common factor of 499404972 and 3212?
3212
What is the highest common factor of 2975 and 929050?
425
Calculate the highest common divisor of 868 and 198562.
14
What is the highest common factor of 210090300 and 25?
25
What is the highest common divisor of 3159 and 8814?
39
Calculate the greatest common divisor of 878063 and 1112.
139
What is the greatest common divisor of 707667184 and 16?
16
What is the greatest common factor of 512660 and 10080?
20
What is the greatest common divisor of 193346 and 274784?
554
What is the greatest common divisor of 158166 and 52974?
54
What is the greatest common divisor of 953064 and 234423?
3843
Calculate the greatest common divisor of 1192 and 16471354.
298
Calculate the greatest common factor of 242420 and 124.
124
Calculate the greatest common factor of 480 and 171110.
10
Calculate the greatest common divisor of 28714 and 445886.
14
Calculate the highest common divisor of 274 and 50529573.
137
What is the highest common factor of 437532 and 84?
12
What is the highest common divisor of 2715223 and 14399?
119
Calculate the highest common divisor of 258167 and 17472.
91
Calculate the highest common factor of 242 and 62876561.
121
Calculate the highest common factor of 5254814 and 3626.
74
What is the greatest common divisor of 36565488 and 16?
16
What is the highest common factor of 5084982 and 1008?
126
What is the greatest common divisor of 3763446 and 17458?
2494
What is the greatest common factor of 96277 and 731?
43
What is the highest common divisor of 1664 and 26343616?
832
What is the highest common divisor of 406 and 134212?
58
Calculate the greatest common factor of 9456528 and 2166.
114
What is the greatest common divisor of 10934 and 1139621?
497
What is the highest common factor of 74 and 6656966?
74
Calculate the greatest common factor of 4149 and 4990878.
9
What is the highest common divisor of 373523720 and 3880?
3880
Calculate the greatest common factor of 3120524 and 88.
44
Calculate the greatest 